a(7)?
-93
Let k(m) = 11*m**2 + 118*m + 235. Give k(-8).
-5
Let d(z) = 208*z**2 + 10*z - 8. Determine d(1).
210
Let r(s) = -23*s**2 + 1279*s - 799. Determine r(55).
-29
Let w(v) = -76*v - 333. Give w(-8).
275
Let m(d) = 3*d**3 - 26*d**2 - 14*d + 14. Determine m(9).
-31
Let q(b) = -b**3 + 32*b**2 + 31*b - 1918. Determine q(31).
4
Let g(t) = -902*t + 5394. Calculate g(6).
-18
Let b(g) = -170*g - 23451. Determine b(-138).
9
Let p(z) = -2*z**2 + 128*z + 23. What is p(64)?
23
Let y(h) = h**3 + 14*h**2 + 47*h + 24. Determine y(-12).
-252
Let b(z) = -4*z**2 + 26*z + 360. Calculate b(-8).
-104
Let i(g) = 803*g + 30493. Calculate i(-38).
-21
Let n(m) = 2*m**3 - 64*m**2 + 488*m + 279. Calculate n(18).
-9
Let y(p) = -81*p + 1215. Determine y(15).
0
Let i(t) = t**3 + 6*t**2 + 12*t + 5. Determine i(-4).
-11
Let u(l) = l**3 - 8*l**2 + 19*l - 78. Give u(8).
74
Let b(u) = -33*u - 467. What is b(-14)?
-5
Let k(i) = -2*i**2 - 18*i - 17. Calculate k(-1).
-1
Let w(l) = l**3 - 18*l**2 + 35*l - 71. Determine w(16).
-23
Let n(l) = l**3 + 12*l**2 + 45*l + 85. What is n(-7)?
15
Let s(l) = -16*l**3 - 35*l**2 + 29*l + 58. Calculate s(-2).
-12
Let p(a) = -15*a - 67. Give p(-4).
-7
Let k(b) = -b**3 - 15*b**2 + 389*b + 5844. Determine k(-15).
9
Let q(p) = -p**3 - 15*p**2 - 73*p + 6. Determine q(-12).
450
Let f(z) = -2*z**3 + 6*z**2 + z + 46. Calculate f(0).
46
Let p(s) = 143*s + 703. Calculate p(-5).
-12
Let l(a) = -21*a - 1205. Determine l(-56).
-29
Let k(l) = 2*l**3 - 4*l**2 - 5*l + 19. What is k(4)?
63
Let g(u) = 2*u**2 - 39*u - 105. Give g(20).
-85
Let b(n) = n + 4. Determine b(44).
48
Let c(u) = 9717*u + 77725. What is c(-8)?
-11
Let t(p) = p**3 + 8*p**2 + 16*p + 5. What is t(-3)?
2
Let g(l) = 8*l + 599. Give g(-32).
343
Let t(d) = d**2 - 106*d + 2409. Give t(73).
0
Let z(f) = -81*f + 564. Calculate z(8).
-84
Let m(z) = 2*z**3 + 94*z**2 + 91*z - 51. Calculate m(-46).
-5
Let p(h) = -h**3 - 10*h**2 - 44*h - 214. What is p(-8)?
10
Let i(l) = -105*l + 3470. What is i(33)?
5
Let j(h) = -7*h**2 - 100*h + 347. What is j(-17)?
24
Let l(d) = 209*d**3 - 7*d**2 + 8*d - 2. Determine l(1).
208
Let p(j) = -2*j**2 + 369*j - 8500. What is p(27)?
5
Let c(v) = v**3 - 34*v**2 + 29*v + 53. Calculate c(33).
-79
Let y(q) = -2*q**3 + 15*q**2 + 8*q - 154. Give y(6).
2
Let l(v) = -3*v**3 + 309*v**2 - 4*v + 315. Determine l(103).
-97
Let p(d) = 2*d**2 - 533*d - 2651. Calculate p(-5).
64
Let a(h) = -16*h + 243. Determine a(19).
-61
Let i(n) = n**3 + 54*n**2 + 233*n - 32. What is i(-5)?
28
Let b(x) = 8*x**2 - 336*x + 310. Calculate b(41).
-18
Let s(k) = -k**3 + 12*k**2 + 2*k + 961. Give s(16).
-31
Let k(p) = 2*p**2 + 72*p - 129. What is k(-16)?
-769
Let c(g) = -29*g + 338. What is c(12)?
-10
Let s(q) = -q**2 - 39*q - 22. Determine s(4).
-194
Let d(w) = 723*w + 47724. What is d(-66)?
6
Let d(a) = a**2 + 64*a - 29631. Give d(143).
-30
Let j(v) = -v**2 - 10*v + 64. What is j(15)?
-311
Let j(t) = 575*t + 8632. Calculate j(-15).
7
Let r(t) = -6*t**2 + 54*t - 35. Calculate r(8).
13
Let y(d) = 11*d**3 + 760*d**2 + 78*d + 620. Determine y(-69).
-1
Let u(r) = r**3 - 33*r**2 + 11*r + 264. Determine u(33).
627
Let k(t) = -60*t + 278. Calculate k(-3).
458
Let j(h) = 10*h**3 - 4*h**2 - 29*h - 32. Determine j(-1).
-17
Let u(w) = 2*w**3 + 2*w**2 - 16*w + 36. Determine u(-4).
4
Let d(z) = -z**2 + 216*z - 6338. What is d(35)?
-3
Let g(v) = 6*v**3 + 2*v**2 + 7*v + 7. Calculate g(-3).
-158
Let a(r) = -r**3 - 21*r**2 + 70*r - 42. Give a(-24).
6
Let o(m) = 7*m + 196. Give o(-10).
126
Let b(w) = w**3 + 62*w**2 - 201*w - 8698. What is b(-63)?
-4
Let d(j) = -4*j**2 + 21*j - 23. What is d(5)?
-18
Let p(s) = -2*s**2 - 16*s + 1936. Calculate p(27).
46
Let s(f) = -f**2 - 9*f - 287. What is s(0)?
-287
Let p(a) = 13*a**3 + 131*a**2 + a - 11. Give p(-10).
79
Let h(n) = -n**2 - 82*n - 1604. What is h(-33)?
13
Let p(y) = 3*y**3 - 292*y**2 - 192*y - 386. Calculate p(98).
6
Let y(k) = k**2 + 77*k - 1476. Determine y(-93).
12
Let x(b) = -10*b**2 - 677*b + 2024. Calculate x(3).
-97
Let k(x) = 103*x + 2570. Give k(-25).
-5
Let u(m) = -175*m - 53719. Give u(-307).
6
Let c(r) = 16*r - 319. Give c(18).
-31
Let p(a) = -15*a + 118. What is p(8)?
-2
Let v(c) = -14*c - 159. Calculate v(-16).
65
Let g(r) = r**3 + 19*r**2 - 96*r + 36. Calculate g(-23).
128
Let w(d) = -d**2 - d - 49. Give w(18).
-391
Let c(g) = 2*g**3 + 50*g**2 - 54*g + 276. Calculate c(-26).
328
Let x(l) = 17*l - 13. What is x(6)?
89
Let i(q) = -412*q - 28855. Give i(-70).
-15
Let f(v) = 75*v - 287. Calculate f(4).
13
Let r(h) = -h**3 - 39*h**2 - 46*h + 55. What is r(-38)?
359
Let v(m) = m**3 + 54*m**2 + 117*m + 774. Determine v(-52).
98
Let i(m) = -56*m + 484. What is i(9)?
-20
Let q(g) = -g**3 - 20*g**2 - 60*g + 10. Calculate q(-12).
-422
Let v(k) = -61*k + 6337. Determine v(105).
-68
Let h(x) = 23*x + 1150. What is h(-50)?
0
Let k(t) = 30*t + 212. What is k(-10)?
-88
Let w(x) = 3*x**2 - 14*x - 39. Give w(8).
41
Let n(d) = 2*d**3 + 58*d**2 - 43*d + 511. Calculate n(-30).
1
Let i(z) = -z**2 - 53*z - 524. What is i(-12)?
-32
Let h(b) = -41*b + 21. Calculate h(0).
21
Let b(l) = -l**3 - 7*l**2 + 21*l - 15. Give b(4).
-107
Let g(b) = 127*b - 1294. Determine g(10).
-24
Let j(b) = -66*b + 28. Calculate j(-2).
160
Let z(y) = 432*y + 6403. Give z(-15).
-77
Let d(t) = t**2 - 2330*t - 2326. Determine d(-1).
5
Let w(i) = -4*i**3 + 49*i**2 + 43*i - 42. What is w(13)?
10
Let k(i) = i**3 + 12*i**2 + 46*i + 165. Give k(-6).
105
Let o(p) = -p**3 - 12*p**2 + 22*p + 2. What is o(-14)?
86
Let k(i) = -540*i - 3789. Calculate k(-7).
-9
Let p(f) = f**2 - 31*f - 459. Give p(-11).
3
Let p(r) = -26*r**2 - 3*r - 1. Give p(1).
-30
Let n(z) = 15*z + 134. Determine n(-4).
74
Let t(s) = 2938*s + 11755. What is t(-4)?
3
Let b(o) = 3*o**2 + 113*o - 505. What is b(4)?
-5
Let h(p) = 2*p**2 + 8*p - 13. Calculate h(-13).
221
Let h(x) = 2*x**2 + 43*x - 9118. Give h(-79).
-33
Let c(v) = -166*v + 494. What is c(3)?
-4
Let o(x) = x**2 + 7*x - 54. What is o(-10)?
-24
Let q(h) = h**3 - 9*h**2 + 13*h - 37. What is q(8)?
3
Let j(y) = 530*y + 3186. Give j(-6).
6
Let j(f) = -215*f + 2784. Determine j(13).
-11
Let w(p) = p**2 + 481*p + 10. Determine w(0).
10
Let z(d) = 2*d**2 + 34*d + 52. Give z(-15).
-8
Let q(h) = -h**3 + 90*h**2 + 289*h - 910. Give q(93).
20
Let k(a) = 175*a + 2468. Calculate k(-14).
18
Let c(a) = 49*a**2 - 203*a + 165. Determine c(3).
-3
Let s(x) = 2*x**2 - 98*x - 779. Determine s(56).
5
Let c(l) = 129*l + 26. Calculate c(-3).
-361
Let x(n) = 49*n - 193. Calculate x(7).
150
Let h(z) = 93*z**3 - z**2 - 2*z + 3. Determine h(1).
93
Let x(i) = -3*i**2 - 47*i + 170. Determine x(0).
170
Let y(r) = 2*r**3 - 152*r**2 + 146*r + 308. Calculate y(75).
8
Let i(b) = -b**3 + 35*b**2 + 73*b + 30. Calculate i(37).
-7
Let l(s) = 2*s**2 + 13*s + 14. Calculate l(-4).
-6
Let s(i) = 8*i**2 - 112*i - 27. Determine s(14).
-27
Let r(c) = -5*c**2 - 9*c + 14. What is r(-8)?
-234
Let x(f) = 3*f**3 - 6*f**2 - 9*f - 5. Calculate x(-2).
-35
Let h(c) = 118*c - 1402. Calculate h(12).
14
Let i(l) = -16*l**3 + 15*l**2 + 14*l - 22. Give i(4).
-750
Let w(t) = 9*t**2 - 74*t + 4. Determine w(7).
-73
Let f(s) = 5*s**2 - 861*s + 2705. What is f(169)?
1
Let b(a) = 30*a + 29. Determine b(1).
59
Let l(x) = -x**3 - 5*x**2 + 12*x - 16. Determine l(-9).
200
Let a(h) = -147*h - 8036. Give a(-53).
-245
Let d(p) = p**3 + 34*p**2 - 41*p - 185. Give d(-35).
25
Let n(p) = -p**3 - 11*p**2 + 78*p + 5. Determine n(6).
-139
Let t(a) = -3*a**3 - 1063*a**2 - 2463*a + 354. Determine t(-352).
2
Let v(n) = -354*n - 7414. What is v(-21)?
20
Let z(w) = -w**2 + 41*w + 1099. Give z(62).
-203
Let y(z) = -2*z**3 - 41*z**2 - 33*z + 197. Give y(-19).
-259
Let r(a) = a**2 - 274*a + 14110. Calculate r(69).
-35
Let l(s) = s**2 + 841*s + 19635. Give l(-24).
27
Let f(r) = -34*r**2 - 56*r - 1. Give f(-1).
21
Let o(t) = -80*t - 3381. What is o(-42)?
-21
Let r(w) = -w**2 + 479*w - 5600. Give r(12).
4
Let t(w) = 2*w**3 - 9*w**2 + 639*w - 3217. What is t(5)?
3
Let f(v) = v + 198. What is f(-67)?
131
Let l(v) = -9*v**2 + 78*v + 8. Determine l(9).
-19
Let h(i) = 253*i + 656. What is h(-3)?
-103
Let n(q) = -51*q. Give n(-1).
51
Let b(s) = -4*s**2 + 18*s + 72. Determine b(7).
2
Let w(r) = 4*r**2 - 65*r - 17. What is w(16)?
-33
Let g(n) = -n**3 - 34*n**2 + 445*n + 162. Determine